de 52500?
True
Does 8 divide 29944?
True
Is 82431 a multiple of 213?
True
Is 246600 a multiple of 13?
False
Is 19859400 a multiple of 680?
True
Is 137 a factor of 1523166?
True
Is 100221 a multiple of 18?
False
Does 1336 divide 1868635?
False
Is 215 a factor of 378615?
True
Does 655 divide 443435?
True
Is 12 a factor of 16392?
True
Is 19324175 a multiple of 481?
True
Is 12 a factor of 137833?
False
Is 873 a factor of 482817?
False
Is 113 a factor of 32423?
False
Does 338 divide 21134944?
False
Is 265500 a multiple of 177?
True
Is 271600 a multiple of 80?
True
Does 218 divide 5133682?
True
Does 108 divide 815400?
True
Does 122 divide 867420?
True
Does 42 divide 916876?
False
Is 99 a factor of 7773807?
False
Does 116 divide 1386776?
False
Is 82 a factor of 5495648?
False
Is 88 a factor of 104707?
False
Does 23 divide 8232539?
False
Is 3884289 a multiple of 29?
True
Does 87 divide 9736717?
False
Is 64753 a multiple of 17?
True
Does 355 divide 195960?
True
Is 795760 a multiple of 56?
True
Is 160758 a multiple of 234?
True
Is 6 a factor of 275244?
True
Is 2114925 a multiple of 70?
False
Does 18 divide 880?
False
Is 47 a factor of 118125?
False
Is 11 a factor of 6173094?
False
Is 14679017 a multiple of 29?
True
Does 50 divide 17331850?
True
Does 33 divide 33330?
True
Is 1476 a factor of 7349917?
False
Is 32 a factor of 5255872?
True
Is 7057344 a multiple of 14?
True
Does 614 divide 439870?
False
Does 172 divide 1112301?
False
Is 177 a factor of 1256398?
False
Does 18 divide 17549082?
True
Is 300770 a multiple of 38?
True
Is 157 a factor of 349168?
True
Is 37 a factor of 146076?
True
Does 29 divide 1380516?
True
Is 1170252 a multiple of 86?
False
Is 358146 a multiple of 58?
False
Is 10554444 a multiple of 18?
True
Is 547314 a multiple of 20?
False
Is 120 a factor of 1134875?
False
Does 196 divide 1024818?
False
Is 489 a factor of 193666?
False
Is 54467 a multiple of 15?
False
Does 125 divide 41625?
True
Does 29 divide 134009?
True
Is 28836 a multiple of 12?
True
Is 367 a factor of 21706949?
True
Is 307376 a multiple of 544?
False
Is 5683360 a multiple of 80?
True
Does 6 divide 12284?
False
Is 924016 a multiple of 16?
True
Does 58 divide 104959?
False
Is 1319422 a multiple of 174?
False
Does 537 divide 2038525?
False
Is 94 a factor of 616546?
True
Is 4764195 a multiple of 15?
True
Is 72695 a multiple of 67?
True
Does 17 divide 266621?
False
Does 21 divide 33251?
False
Is 19385040 a multiple of 7?
False
Is 485576 a multiple of 299?
True
Is 218161 a multiple of 60?
False
Is 228786 a multiple of 34?
True
Is 14 a factor of 3277130?
False
Is 17 a factor of 117653?
False
Is 12 a factor of 96512?
False
Is 6 a factor of 29860?
False
Is 246646 a multiple of 102?
False
Is 8 a factor of 99688?
True
Is 14147 a multiple of 47?
True
Is 115 a factor of 610765?
True
Is 1813844 a multiple of 58?
False
Is 54280 a multiple of 590?
True
Is 3052615 a multiple of 3?
False
Does 793 divide 993467?
False
Is 100 a factor of 254500?
True
Is 29 a factor of 256315?
False
Is 561776 a multiple of 46?
False
Is 325164 a multiple of 474?
True
Does 22 divide 4530518?
False
Does 436 divide 596012?
True
Does 3 divide 290375?
False
Is 323015 a multiple of 77?
True
Is 1504357 a multiple of 14?
False
Is 21 a factor of 100800?
True
Is 315 a factor of 288676?
False
Is 6609745 a multiple of 433?
True
Does 25 divide 183484?
False
Is 232747 a multiple of 17?
True
Does 39 divide 100932?
True
Does 29 divide 111128?
True
Does 63 divide 87822?
True
Is 148 a factor of 1934342?
False
Does 5 divide 21647?
False
Is 11299527 a multiple of 61?
False
Does 285 divide 295824?
False
Is 174 a factor of 146421?
False
Is 9 a factor of 1326582?
True
Is 300 a factor of 529057?
False
Does 18 divide 470682?
True
Is 355861 a multiple of 11?
True
Does 29 divide 192821?
True
Does 25 divide 316700?
True
Does 167 divide 1509847?
True
Is 1706409 a multiple of 88?
False
Is 36919 a multiple of 10?
False
Is 102 a factor of 2788232?
False
Does 139 divide 1095313?
False
Does 187 divide 3825646?
True
Is 68304 a multiple of 186?
False
Is 365 a factor of 1283543?
False
Is 2 a factor of 1077823?
False
Is 16 a factor of 376992?
True
Does 3 divide 712771?
False
Is 32 a factor of 90304?
True
Does 66 divide 123736?
False
Does 8 divide 4716600?
True
Is 94 a factor of 80204?
False
Is 43 a factor of 155881?
False
Is 8383592 a multiple of 566?
True
Does 6 divide 77229?
False
Does 781 divide 1775994?
True
Is 4703985 a multiple of 663?
True
Does 6 divide 281352?
True
Is 94610 a multiple of 29?
False
Is 385005 a multiple of 389?
False
Does 363 divide 498762?
True
Does 50 divide 209200?
True
Is 1812602 a multiple of 536?
False
Is 6 a factor of 899?
False
Does 63 divide 1435910?
False
Is 1138104 a multiple of 18?
True
Is 220231 a multiple of 26?
False
Does 194 divide 68094?
True
Is 1055730 a multiple of 104?
False
Does 379 divide 338826?
True
Does 31 divide 247132?
True
Is 156 a factor of 5050812?
True
Does 28 divide 715526?
False
Is 4 a factor of 458476?
True
Is 9 a factor of 12912417?
True
Is 564 a factor of 2873201?
False
Is 146 a factor of 2691091?
False
Does 731 divide 7267602?
True
Does 71 divide 19312?
True
Is 13231774 a multiple of 63?
False
Does 4 divide 67224?
True
Does 5 divide 6290815?
True
Does 715 divide 176605?
True
Does 71 divide 1726003?
False
Is 139 a factor of 353894?
True
Is 1228188 a multiple of 70?
False
Is 622 a factor of 800514?
True
Does 226 divide 4658022?
False
Does 6 divide 352578?
True
Is 13 a factor of 177808?
False
Is 9 a factor of 307044?
True
Is 192 a factor of 304712?
False
Is 85096 a multiple of 11?
True
Is 39197 a multiple of 37?
False
Is 56641 a multiple of 4?
False
Is 577 a factor of 4587916?
False
Is 129 a factor of 6206577?
True
Does 24 divide 67098?
False
Is 5 a factor of 13347?
False
Is 9 a factor of 677115?
True
Is 96048 a multiple of 3?
True
Does 217 divide 195734?
True
Is 45 a factor of 7785?
True
Does 149 divide 202491?
True
Does 327 divide 440469?
True
Is 135072 a multiple of 72?
True
Is 73418 a multiple of 66?
False
Does 25 divide 141278?
False
Is 12 a factor of 3277656?
True
Does 810 divide 4250139?
False
Does 34 divide 13585210?
True
Is 17 a factor of 2840530?
True
Is 31 a factor of 5115?
True
Does 303 divide 725464?
False
Is 562455 a multiple of 31?
False
Is 397440 a multiple of 115?
True
Is 353 a factor of 19327?
False
Is 13 a factor of 1493147?
False
Is 320509 a multiple of 24?
False
Is 215650 a multiple of 99?
False
Is 286 a factor of 6098142?
False
Is 38763 a multiple of 306?
False
Does 22 divide 844470?
True
Is 11204076 a multiple of 156?
True
Is 255840 a multiple of 12?
True
Does 916 divide 1264652?
False
Is 77322 a multiple of 21?
True
Does 10 divide 2677502?
False
Is 193 a factor of 191145?
False
Is 20 a factor of 192225?
False
Does 202 divide 1874096?
False
Is 226024 a multiple of 19?
True
Is 84040 a multiple of 88?
True
Is 6 a factor of 3773732?
False
Does 5 divide 131798?
False
Is 46 a factor of 2634696?
True
Is 6577367 a multiple of 37?
False
Is 313922 a multiple of 17?
True
Does 38 divide 27285?
False
Does 6 divide 296928?
True
Is 131016 a multiple of 318?
True
Is 2772295 a multiple of 1185?
False
Is 25752 a multiple of 232?
True
Does 241 divide 14942?
True
Is 62 a factor of 379041?
False
Is 8 a factor of 515195?
False
Does 70 divide 123814?
False
Does 39 divide 268899?
False
Is 5 a factor of 56071?
False
Is 201 a factor of 156780?
True
Is 7 a factor of 124701?
False
Is 1379175 a multiple of 21?
True
Is 70 a factor of 708821?
False
Does 9 divide 5779?
False
Is 13353176 a multiple of 11?
False
Is 213678 a multiple of 147?
False
Is 253605 a multiple of 55?
True
Is 66 a factor of 1844602?
False
Is 530 a factor of 26824360?
True
Is 4014650 a multiple of 94?
False
Is 7622 a multiple of 9?
False
Is 1917317 a multiple of 18?
False
Is 590693 a multiple of 23?
False
Is 153053 a multiple of 41?
True
Is 163102 a multiple of 4?
False
Is 35458 a multiple of 359?
False
Is 184230 a multiple of 534?
True
Is 26 a factor of 484658?
False
Is 57 a factor of 253194?
True
Is 15 a factor of 1514473?
False
Is 4624702 a multiple of 13?
False
Does 326 divide 9390791?
False
Is 910 a factor of 9208391?
False
Does 20 divide 7623680?
True
Is 396 a factor of 215221?
False
Does 688 divide 2568156?
False
Doe